ctors of 484.
2, 11
List the prime factors of 815.
5, 163
What are the prime factors of 32967?
3, 11, 37
List the prime factors of 5888.
2, 23
What are the prime factors of 851?
23, 37
List the prime factors of 3148.
2, 787
What are the prime factors of 10575?
3, 5, 47
What are the prime factors of 25037?
25037
What are the prime factors of 1564?
2, 17, 23
List the prime factors of 1819.
17, 107
What are the prime factors of 145338?
2, 3, 24223
What are the prime factors of 3224?
2, 13, 31
List the prime factors of 55972.
2, 7, 1999
List the prime factors of 110109.
3, 17, 127
List the prime factors of 3046.
2, 1523
List the prime factors of 3018.
2, 3, 503
List the prime factors of 12913.
37, 349
What are the prime factors of 28036?
2, 43, 163
List the prime factors of 44807.
7, 37, 173
What are the prime factors of 753?
3, 251
List the prime factors of 28295.
5, 5659
List the prime factors of 2310.
2, 3, 5, 7, 11
List the prime factors of 67770.
2, 3, 5, 251
What are the prime factors of 73327?
73327
What are the prime factors of 29600?
2, 5, 37
What are the prime factors of 760?
2, 5, 19
What are the prime factors of 99920?
2, 5, 1249
List the prime factors of 1049.
1049
What are the prime factors of 1142?
2, 571
List the prime factors of 9507.
3, 3169
List the prime factors of 225.
3, 5
List the prime factors of 6112.
2, 191
What are the prime factors of 25421?
11, 2311
List the prime factors of 176.
2, 11
List the prime factors of 82979.
13, 491
List the prime factors of 1388.
2, 347
List the prime factors of 4284.
2, 3, 7, 17
What are the prime factors of 714?
2, 3, 7, 17
What are the prime factors of 2839?
17, 167
What are the prime factors of 500?
2, 5
List the prime factors of 82989.
3, 9221
What are the prime factors of 896?
2, 7
List the prime factors of 3444.
2, 3, 7, 41
What are the prime factors of 20447?
7, 23, 127
What are the prime factors of 10992?
2, 3, 229
List the prime factors of 10256.
2, 641
List the prime factors of 22361.
59, 379
List the prime factors of 1935.
3, 5, 43
List the prime factors of 878.
2, 439
List the prime factors of 746.
2, 373
What are the prime factors of 2900?
2, 5, 29
What are the prime factors of 9023?
7, 1289
What are the prime factors of 6196?
2, 1549
What are the prime factors of 26949?
3, 13, 691
List the prime factors of 1640.
2, 5, 41
What are the prime factors of 1089?
3, 11
What are the prime factors of 4173?
3, 13, 107
What are the prime factors of 7271?
11, 661
List the prime factors of 69837.
3, 23279
What are the prime factors of 25933?
25933
List the prime factors of 20169.
3, 83
List the prime factors of 10342.
2, 5171
What are the prime factors of 83?
83
What are the prime factors of 536?
2, 67
List the prime factors of 21102.
2, 3, 3517
List the prime factors of 1253.
7, 179
List the prime factors of 1953.
3, 7, 31
What are the prime factors of 2219?
7, 317
List the prime factors of 958.
2, 479
List the prime factors of 19016.
2, 2377
What are the prime factors of 706?
2, 353
What are the prime factors of 637?
7, 13
List the prime factors of 4370.
2, 5, 19, 23
What are the prime factors of 19176?
2, 3, 17, 47
What are the prime factors of 3328?
2, 13
List the prime factors of 48273.
3, 16091
List the prime factors of 1835.
5, 367
What are the prime factors of 41752?
2, 17, 307
List the prime factors of 80012.
2, 83, 241
What are the prime factors of 3451?
7, 17, 29
What are the prime factors of 4765?
5, 953
What are the prime factors of 500?
2, 5
List the prime factors of 635.
5, 127
What are the prime factors of 2552?
2, 11, 29
What are the prime factors of 14790?
2, 3, 5, 17, 29
List the prime factors of 11256.
2, 3, 7, 67
List the prime factors of 2147.
19, 113
List the prime factors of 2477.
2477
What are the prime factors of 29224?
2, 13, 281
What are the prime factors of 10560?
2, 3, 5, 11
What are the prime factors of 86?
2, 43
List the prime factors of 36679.
43, 853
List the prime factors of 16563.
3, 5521
What are the prime factors of 68793?
3, 23, 997
What are the prime factors of 11501?
7, 31, 53
What are the prime factors of 14044?
2, 3511
What are the prime factors of 10696?
2, 7, 191
What are the prime factors of 90?
2, 3, 5
List the prime factors of 121.
11
List the prime factors of 3245.
5, 11, 59
What are the prime factors of 694?
2, 347
List the prime factors of 41313.
3, 47, 293
List the prime factors of 31728.
2, 3, 661
List the prime factors of 2416.
2, 151
What are the prime factors of 62?
2, 31
What are the prime factors of 90626?
2, 113, 401
What are the prime factors of 38979?
3, 61, 71
List the prime factors of 7214.
2, 3607
What are the prime factors of 17310?
2, 3, 5, 577
List the prime factors of 260.
2, 5, 13
List the prime factors of 3304.
2, 7, 59
List the prime factors of 65.
5, 13
List the prime factors of 770.
2, 5, 7, 11
List the prime factors of 4719.
3, 11, 13
What are the prime factors of 37899?
3, 4211
What are the prime factors of 26513?
26513
What are the prime factors of 35786?
2, 29, 617
What are the prime factors of 550?
2, 5, 11
What are the prime factors of 992?
2, 31
What are the prime factors of 29007?
3, 11, 293
What are the prime factors of 11384?
2, 1423
What are the prime factors of 169604?
2, 109, 389
What are the prime factors of 835?
5, 167
What are the prime factors of 1101?
3, 367
What are the prime factors of 3954?
2, 3, 659
List the prime factors of 153.
3, 17
What are the prime factors of 68801?
107, 643
List the prime factors of 17884.
2, 17, 263
What are the prime factors of 97?
97
List the prime factors of 4793.
4793
List the prime factors of 38511.
3, 11, 389
What are the prime factors of 479?
479
What are the prime factors of 48361?
137, 353
List the prime factors of 37610.
2, 5, 3761
What are the prime factors of 1471?
1471
List the prime factors of 25384.
2, 19, 167
List the prime factors of 2356.
2, 19, 31
What are the prime factors of 489?
3, 163
What are the prime factors of 11614?
2, 5807
List the prime factors of 456.
2, 3, 19
List the prime factors of 85975.
5, 19, 181
List the prime factors of 3731.
7, 13, 41
What are the prime factors of 4772?
2, 1193
List the prime factors of 19277.
37, 521
What are the prime factors of 23383?
67, 349
List the prime factors of 38054.
2, 53, 359
List the prime factors of 1474.
2, 11, 67
What are the prime factors of 7262?
2, 3631
List the prime factors of 4889.
4889
What are the prime factors of 1532?
2, 383
What are the prime factors of 4913?
17
What are the prime factors of 4484?
2, 19, 59
What are the prime factors of 1143?
3, 127
List the prime factors of 1606.
2, 11, 73
What are the prime factors of 1120?
2, 5, 7
List the prime factors of 74021.
74021
List the prime factors of 793.
13, 61
What are the prime factors of 9102?
2, 3, 37, 41
List the prime factors of 5445.
3, 5, 11
What are the prime factors of 282?
2, 3, 47
What are the prime factors of 991?
991
List the prime factors of 7533.
3, 31
List the prime factors of 128.
2
List the prime factors of 70406.
2, 7, 47, 107
List the prime factors of 4851.
3, 7, 11
What are the prime factors of 23410?
2, 5, 2341
List the prime factors of 12895.
5, 2579
What are the prime factors of 39909?
3, 53, 251
What are the prime factors of 4039?
7, 577
What are the prime factors of 861?
3, 7, 41
What are the prime factors of 4256?
2, 7, 19
List the prime factors of 583.
11, 53
List the prime factors of 2073.
3, 691
What are the prime factors of 405?
3, 5
List the prime factors of 3199.
7, 457
What are the prime factors of 828?
2, 3, 23
List the prime factors of 3644.
2, 911
List the prime factors of 52001.
149, 349
What are the prime factors of 7409?
31, 239
List the prime factors of 879.
3, 293
List the prime factors of 11488.
2, 359
What are the prime factors of 8364?
2, 3, 17, 41
What are the prime factors of 948?
2, 3, 79
List the prime factors of 3147.
3, 1049
List the prime factors of 3429.
3, 127
What are the prime factors of 19811?
11, 1801
List the prime factors of 5359.
23, 233
List the prime factors of 174857.
19, 9203
What are the prime factors of 36113?
7, 11, 67
What are the prime factors of 392?
2, 7
What are the prime factors of 3840?
2, 3, 5
List the prime factors of 1110.
2, 3, 5, 37
What are the prime fac